500?
False
Does 104 divide 160290?
False
Is 915547 a multiple of 158?
False
Is 866 a factor of 4353061?
False
Does 20 divide 446747?
False
Does 144 divide 208722?
False
Is 9 a factor of 703017?
True
Does 18 divide 8700?
False
Is 3 a factor of 203758?
False
Is 75 a factor of 7491922?
False
Is 20222202 a multiple of 1859?
True
Is 33464 a multiple of 5?
False
Does 19 divide 424578?
False
Is 2967228 a multiple of 1143?
True
Is 3187854 a multiple of 591?
True
Is 281 a factor of 2553163?
False
Is 1706070 a multiple of 6?
True
Is 8 a factor of 5653601?
False
Is 590804 a multiple of 127?
True
Is 2853960 a multiple of 680?
True
Does 41 divide 4442?
False
Is 22 a factor of 6568561?
False
Is 2757720 a multiple of 168?
True
Is 96 a factor of 168864?
True
Does 665 divide 7753076?
False
Is 1620586 a multiple of 3?
False
Does 95 divide 2761680?
False
Is 18466924 a multiple of 49?
True
Does 7 divide 4381830?
False
Is 284817 a multiple of 142?
False
Does 465 divide 1998570?
True
Is 9545508 a multiple of 12?
True
Is 101 a factor of 382296?
False
Is 19756591 a multiple of 47?
True
Is 714733 a multiple of 9?
False
Is 22 a factor of 21623052?
True
Is 51921 a multiple of 81?
True
Is 17 a factor of 17512?
False
Does 5 divide 886280?
True
Is 454272 a multiple of 312?
True
Is 8768482 a multiple of 37?
True
Does 17 divide 9406194?
False
Does 81 divide 224370?
True
Is 20 a factor of 167780?
True
Does 10 divide 561140?
True
Is 432 a factor of 1653264?
True
Does 17 divide 77569?
False
Is 11 a factor of 352770?
True
Does 70 divide 463470?
True
Is 2698 even?
True
Is 10 a factor of 91788?
False
Does 13 divide 146133?
True
Is 113 a factor of 820720?
False
Does 20 divide 193200?
True
Is 24 a factor of 342813?
False
Does 6 divide 2807417?
False
Is 618 a factor of 752765?
False
Does 1048 divide 4371208?
True
Is 1018584 a multiple of 47?
True
Is 506866 a multiple of 488?
False
Does 2028 divide 11411556?
True
Is 1529739 a multiple of 470?
False
Is 23 a factor of 1574442?
True
Is 1502166 a multiple of 12?
False
Does 236 divide 322140?
True
Is 19 a factor of 2724543?
True
Is 20 a factor of 63726?
False
Is 77102 a multiple of 88?
False
Does 12 divide 93528?
True
Is 32089 a multiple of 207?
False
Does 236 divide 21805066?
False
Is 67752 a multiple of 4?
True
Is 13 a factor of 145306?
False
Is 12510368 a multiple of 773?
False
Is 7 a factor of 737618?
True
Is 1738477 a multiple of 173?
True
Does 125 divide 1049058?
False
Does 107 divide 1673159?
True
Does 32 divide 7203232?
True
Is 199 a factor of 2400107?
False
Is 1088400 a multiple of 80?
True
Does 245 divide 110548?
False
Does 228 divide 253080?
True
Is 398 a factor of 37365?
False
Does 489 divide 152629?
False
Is 282656 a multiple of 17?
False
Is 3865556 a multiple of 54?
False
Does 8 divide 4296?
True
Is 81453 a multiple of 24?
False
Does 11 divide 1594934?
True
Is 1784979 a multiple of 120?
False
Does 67 divide 73760?
False
Is 108 a factor of 18112?
False
Does 94 divide 119501?
False
Is 1185011 a multiple of 893?
True
Is 319813 a multiple of 13?
True
Is 1352 a factor of 15227715?
False
Does 8 divide 1283288?
True
Does 77 divide 44108?
False
Is 388 a factor of 410929?
False
Does 74 divide 59348?
True
Is 558 a factor of 3728790?
False
Is 5864241 a multiple of 173?
False
Does 68 divide 150824?
True
Does 507 divide 3631677?
False
Is 444 a factor of 1039848?
True
Is 2911624 a multiple of 316?
True
Is 527 a factor of 767839?
True
Is 84 a factor of 606732?
True
Is 321386 a multiple of 47?
True
Is 7 a factor of 52190?
False
Is 46 a factor of 54695?
False
Is 2 a factor of 7531?
False
Is 95 a factor of 10616725?
True
Does 4 divide 333652?
True
Is 110300 a multiple of 56?
False
Does 28 divide 33460?
True
Is 1383 a factor of 9455289?
False
Does 187 divide 1572296?
True
Is 75482 a multiple of 22?
True
Is 307911 a multiple of 6?
False
Does 35 divide 158200?
True
Does 330 divide 8702798?
False
Is 265 a factor of 134529?
False
Is 961 a factor of 6674145?
True
Is 52 a factor of 140690?
False
Does 75 divide 105075?
True
Is 993680 a multiple of 129?
False
Does 43 divide 40667?
False
Is 3001144 a multiple of 1603?
False
Does 55 divide 1258015?
True
Does 51 divide 5285758?
False
Is 13 a factor of 5209092?
False
Does 966 divide 5945730?
True
Is 1397760 a multiple of 1040?
True
Does 24 divide 2504681?
False
Is 478187 a multiple of 212?
False
Is 20 a factor of 157060?
True
Is 22 a factor of 229196?
True
Is 10 a factor of 2647?
False
Is 347340 a multiple of 10?
True
Does 476 divide 300227?
False
Is 21 a factor of 1392256?
False
Does 481 divide 767986?
False
Is 546413 a multiple of 43?
False
Is 265120 a multiple of 8?
True
Is 6 a factor of 6465737?
False
Is 2308425 a multiple of 12?
False
Is 7335788 a multiple of 35?
False
Does 54 divide 435250?
False
Is 79 a factor of 118820?
False
Is 3147616 a multiple of 152?
True
Is 1517 a factor of 1413844?
True
Is 767 a factor of 648882?
True
Is 2415376 a multiple of 16?
True
Is 176 a factor of 889680?
True
Is 28608580 a multiple of 2858?
True
Does 712 divide 642936?
True
Is 118 a factor of 94400?
True
Does 41 divide 926338?
False
Is 108 a factor of 1163121?
False
Is 73746 a multiple of 4?
False
Is 1174900 a multiple of 118?
False
Is 447529 a multiple of 121?
False
Does 41 divide 1271893?
False
Is 1992144 a multiple of 112?
True
Is 271 a factor of 1158254?
True
Is 13 a factor of 373263?
False
Is 102 a factor of 1656932?
False
Is 61776 a multiple of 18?
True
Is 31 a factor of 8327279?
False
Does 5 divide 151715?
True
Does 138 divide 110538?
True
Is 71175 a multiple of 11?
False
Is 378 a factor of 673274?
False
Is 2661828 a multiple of 156?
True
Is 21 a factor of 12135606?
True
Is 1009200 a multiple of 3?
True
Does 255 divide 974100?
True
Is 5 a factor of 21460?
True
Does 46 divide 469200?
True
Is 334 a factor of 3259623?
False
Does 19 divide 322061?
False
Is 72224 a multiple of 37?
True
Is 197090 a multiple of 210?
False
Is 34 a factor of 113089?
False
Is 12 a factor of 1657797?
False
Does 107 divide 156332?
False
Is 7 a factor of 2390831?
False
Is 8209548 a multiple of 457?
True
Is 89 a factor of 24208?
True
Is 613204 a multiple of 11?
False
Does 71 divide 615144?
True
Is 148 a factor of 550708?
True
Is 375786 a multiple of 228?
False
Is 1480246 a multiple of 130?
False
Is 1395 a factor of 13807425?
False
Is 189697 a multiple of 62?
False
Is 1936380 a multiple of 10?
True
Is 2936556 a multiple of 47?
False
Is 504 a factor of 11224584?
True
Is 181470 a multiple of 146?
False
Is 5755145 a multiple of 172?
False
Does 19 divide 611246?
False
Is 29620 a multiple of 4?
True
Does 20 divide 3613600?
True
Is 523349 a multiple of 18?
False
Is 20131 a multiple of 13?
False
Is 184477 a multiple of 45?
False
Is 271 a factor of 53658?
True
Does 3 divide 6826?
False
Is 8 a factor of 2873089?
False
Does 6 divide 350100?
True
Is 101 a factor of 732048?
True
Is 219 a factor of 4941669?
False
Is 25505187 a multiple of 69?
False
Is 265540 a multiple of 17?
True
Is 803853 a multiple of 7?
False
Is 19941 a multiple of 170?
False
Does 151 divide 10045426?
True
Is 213360 a multiple of 40?
True
Is 15 a factor of 24917685?
True
Is 133730 a multiple of 211?
False
Does 735 divide 1702131?
False
Is 286 a factor of 5412120?
False
Is 28 a factor of 454412?
True
Does 1425 divide 16089675?
True
Is 24 a factor of 1113314?
False
Is 278836 a multiple of 181?
False
Does 56 divide 258993?
False
Is 155736 a multiple of 36?
True
Is 8304 a multiple of 16?
True
Does 209 divide 108262?
True
Does 412 divide 3624?
False
Does 13 divide 77831?
True
Is 13 a factor of 12687816?
False
Is 7863892 a multiple of 38?
False
Does 127 divide 2194052?
True
Is 41 a factor of 3005054?
True
Is 16 a factor of 5525022?
False
Is 904 a factor of 5272128?
True
Is 69 a factor of 13867?
False
Does 20 divide 81680?
True
Does 10 divide 256297?
False
Is 5701698 a multiple of 18?
True
Does 3 divide 79874?
False
Does 458 divide 19384341?
False
Is 6513210 a multiple of 198?
True
Is 12 a factor of 29393?
False
Does 154 divide 355432?
True
Is 121 a factor of 46508?
False
Does 13 divide 3755934?
True
Does 291 divide 1710120?
False
Is 1347400 even?
True
Is 481135 a multiple of 14?
False
Does 53 divide 1023483?
True
Is 191 a factor of 104447?
False
Is 126576 a multiple of 8?
True
Is 183 a